f 5041?
False
Is 535813 a multiple of 12?
False
Does 20 divide 179600?
True
Is 85184 a multiple of 288?
False
Is 68 a factor of 394027?
False
Is 182 a factor of 121576?
True
Does 19 divide 39155?
False
Is 880 a factor of 6082560?
True
Is 12694685 a multiple of 22?
False
Is 146976 a multiple of 32?
True
Is 153260 a multiple of 485?
True
Is 886 a factor of 2898992?
True
Does 799 divide 821372?
True
Does 71 divide 1045?
False
Does 77 divide 215215?
True
Does 25 divide 1828475?
True
Is 10592991 a multiple of 313?
False
Is 267982 even?
True
Does 63 divide 99406?
False
Is 783297 a multiple of 9?
True
Is 6 a factor of 10836?
True
Does 20 divide 661460?
True
Is 628 a factor of 22764094?
False
Does 154 divide 65296?
True
Does 31 divide 645916?
True
Is 31 a factor of 55335?
True
Is 190410 a multiple of 110?
True
Is 227 a factor of 74052?
False
Is 114 a factor of 612408?
True
Is 17 a factor of 1090448?
True
Is 1987048 a multiple of 1096?
True
Is 103 a factor of 367298?
True
Does 24 divide 4741272?
True
Does 39 divide 6825078?
True
Is 194 a factor of 85021?
False
Is 13 a factor of 605069?
False
Is 27 a factor of 559267?
False
Is 964869 a multiple of 26?
False
Is 40 a factor of 57640?
True
Is 16 a factor of 226448?
True
Does 12 divide 1425407?
False
Does 81 divide 15671224?
False
Is 70 a factor of 1446787?
False
Is 464 a factor of 1163712?
True
Does 769 divide 6813340?
True
Is 95 a factor of 9175?
False
Is 96216 a multiple of 76?
True
Is 2504054 a multiple of 7?
True
Is 20 a factor of 4175020?
True
Is 572280 a multiple of 60?
True
Does 22 divide 1099101?
False
Does 7 divide 5707793?
True
Does 52 divide 5737750?
False
Does 2 divide 22365?
False
Does 21 divide 36476?
False
Is 3596 a multiple of 21?
False
Does 972 divide 7780860?
True
Does 50 divide 458780?
False
Is 716359 a multiple of 211?
False
Does 22 divide 308344?
False
Is 239 a factor of 192418?
False
Does 184 divide 944104?
True
Does 15 divide 880650?
True
Does 17 divide 909900?
False
Is 33 a factor of 1564477?
False
Is 18 a factor of 2270?
False
Is 65 a factor of 427632?
False
Does 21 divide 104785?
False
Is 1090947 a multiple of 5?
False
Is 683 a factor of 62384?
False
Is 229824 a multiple of 448?
True
Is 53 a factor of 2260874?
True
Is 1701417 a multiple of 249?
True
Does 47 divide 3481008?
True
Does 7 divide 361745?
False
Is 6 a factor of 6966?
True
Is 12904580 a multiple of 26?
True
Does 79 divide 116510?
False
Is 5075092 a multiple of 750?
False
Does 13 divide 269139?
True
Is 1048383 a multiple of 189?
True
Is 27346 a multiple of 16?
False
Is 63 a factor of 100327?
False
Is 8807 a multiple of 5?
False
Does 150 divide 4333050?
True
Is 3 a factor of 564052?
False
Is 43 a factor of 1064948?
False
Is 56 a factor of 21121?
False
Is 50730 a multiple of 445?
True
Is 131779 a multiple of 17?
False
Is 776 a factor of 1899648?
True
Is 984 a multiple of 65?
False
Does 76 divide 617318?
False
Does 138 divide 2259612?
True
Is 294679 a multiple of 43?
True
Does 14 divide 111272?
True
Does 34 divide 77894?
True
Is 139123 a multiple of 283?
False
Is 4 a factor of 739749?
False
Does 131 divide 366468?
False
Is 35 a factor of 37984?
False
Is 70907 a multiple of 17?
True
Is 19 a factor of 246145?
True
Is 70 a factor of 75875?
False
Does 185 divide 555?
True
Does 10 divide 161680?
True
Is 74 a factor of 575530?
False
Is 9 a factor of 12528?
True
Is 149 a factor of 2228017?
False
Is 97560 a multiple of 813?
True
Does 30 divide 81545?
False
Does 556 divide 1145235?
False
Is 114 a factor of 151822?
False
Is 96220 a multiple of 283?
True
Is 13 a factor of 147533?
False
Is 7416555 a multiple of 57?
True
Is 169 a factor of 25516?
False
Does 6 divide 219196?
False
Is 387 a factor of 3310011?
True
Is 1915086 a multiple of 214?
True
Is 8 a factor of 2089341?
False
Is 131 a factor of 63797?
True
Is 208 a factor of 64095?
False
Is 65 a factor of 542230?
True
Does 198 divide 1443024?
True
Is 2305349 a multiple of 134?
False
Is 4521052 a multiple of 25?
False
Does 73 divide 98373?
False
Is 225 a factor of 331650?
True
Is 148 a factor of 270692?
True
Is 117993 a multiple of 58?
False
Is 717192 a multiple of 63?
True
Does 431 divide 6699033?
True
Is 22 a factor of 104170?
True
Is 419 a factor of 257266?
True
Does 32 divide 65413?
False
Is 23 a factor of 65205?
True
Is 282942 a multiple of 99?
True
Is 124 a factor of 865148?
True
Does 17 divide 122167?
False
Is 158820 a multiple of 84?
False
Is 1287152 a multiple of 113?
False
Is 21 a factor of 498267?
True
Does 5 divide 3777508?
False
Is 100080 a multiple of 60?
True
Is 1528114 a multiple of 2?
True
Is 15 a factor of 310828?
False
Is 6105729 a multiple of 21?
True
Is 18 a factor of 2051856?
True
Is 15 a factor of 573463?
False
Is 253 a factor of 1076469?
False
Does 112 divide 5815456?
False
Does 460 divide 1684978?
False
Is 251 a factor of 730912?
True
Is 9 a factor of 84612?
False
Is 10 a factor of 2276760?
True
Is 1042569 a multiple of 99?
True
Is 57 a factor of 1281132?
True
Is 14 a factor of 371602?
True
Is 93470 a multiple of 130?
True
Is 1183580 a multiple of 155?
True
Is 93 a factor of 123798?
False
Is 27 a factor of 88878?
False
Does 226 divide 22824?
False
Is 1060823 a multiple of 131?
False
Is 1495242 a multiple of 190?
False
Is 38861 a multiple of 5?
False
Is 2255092 a multiple of 86?
True
Does 73 divide 307953?
False
Is 3226531 a multiple of 1141?
False
Is 13 a factor of 381511?
True
Does 13 divide 1373732?
False
Does 5 divide 186190?
True
Is 111625 even?
False
Is 3 a factor of 26308?
False
Is 424 a factor of 3768088?
True
Does 14 divide 126294?
True
Does 6 divide 117955?
False
Is 29 a factor of 1673661?
False
Does 2 divide 77490?
True
Does 78 divide 103896?
True
Does 91 divide 88833?
False
Is 23835955 a multiple of 2431?
True
Does 5 divide 14032?
False
Is 407 a factor of 165587?
False
Is 982 a factor of 1181483?
False
Is 125 a factor of 15767875?
True
Is 64 a factor of 1520000?
True
Does 317 divide 55501?
False
Is 149 a factor of 162753?
False
Is 829640 a multiple of 70?
True
Is 469 a factor of 165919?
False
Is 75096 a multiple of 8?
True
Is 16845 a multiple of 2?
False
Does 76 divide 3894454?
False
Is 7 a factor of 2573316?
False
Does 272 divide 107712?
True
Does 41 divide 2891320?
True
Is 37 a factor of 35478?
False
Does 53 divide 9849473?
False
Is 10 a factor of 40350?
True
Does 48 divide 960552?
False
Is 224 a factor of 240239?
False
Is 136578 a multiple of 103?
True
Is 225267 a multiple of 5?
False
Is 2935603 a multiple of 103?
True
Is 2354 a multiple of 2?
True
Is 407709 a multiple of 267?
True
Is 9 a factor of 321435?
True
Is 19 a factor of 7923?
True
Is 154 a factor of 165704?
True
Does 191 divide 9830473?
False
Is 316 a factor of 461233?
False
Does 10 divide 369890?
True
Is 1766096 a multiple of 151?
True
Is 299 a factor of 164501?
False
Does 11 divide 459668?
True
Does 13 divide 2270453?
False
Does 20 divide 81120?
True
Does 226 divide 8694285?
False
Does 24 divide 2062420?
False
Is 103 a factor of 78177?
True
Is 207459 a multiple of 333?
True
Does 4 divide 18176?
True
Is 11 a factor of 2091562?
True
Does 31 divide 11279660?
True
Is 190956 a multiple of 6?
True
Does 425 divide 426680?
False
Is 37 a factor of 555259?
True
Is 156806 a multiple of 26?
True
Does 152 divide 2588?
False
Is 52 a factor of 992680?
True
Does 66 divide 5233536?
True
Is 84 a factor of 636254?
False
Is 120312 a multiple of 8?
True
Does 23 divide 8265266?
False
Is 47 a factor of 771253?
False
Is 643 a factor of 6020096?
False
Does 193 divide 1354474?
True
Is 1500 a factor of 5554189?
False
Is 45 a factor of 1292341?
False
Is 52 a factor of 132493?
False
Does 45 divide 4565486?
False
Is 2434061 a multiple of 249?
False
Does 36 divide 14668?
False
Does 5 divide 157545?
True
Is 2661730 a multiple of 8?
False
Does 12 divide 19085297?
False
Is 731439 a multiple of 245?
False
Is 16817008 a multiple of 932?
True
Is 168624 a multiple of 8?
True
Is 111872 a multiple of 16?
True
Is 326706 a multiple of 9?
False
Does 38 divide 896230?
True
Does 13 divide 322218?
True
Is 2222062 a multiple of 52?
False
Does 10 divide 2373815?
False
Is 2671489 a multiple of 534?
False
Does 10 divide 186014?
False
Is 19368 a multiple of 18?
True
Is 24 a factor of 16228985?
False
Is 3267572 a multiple of 154?
Tru